2*a**3 - 6*a**2. Give l(7).
13
Suppose -g = -4*x + 35, -4*g = 4*x - 3*x + 4. Let m = x - 4. Suppose -m = -j - 3. Let t(u) = 3*u**3 - u**2 + 1. Calculate t(j).
3
Let j be (-108)/(-15)*15/6. Let b = j - 18. Let w(p) = -2 + 12 + p**2 - 2*p**2. Calculate w(b).
10
Let w = -19 - -13. Let g(v) = -v - 13. Calculate g(w).
-7
Let f(y) = -1 + 1 - 6*y**3 + y + 0. Let w be (-8)/44 + (-26)/(-22). What is f(w)?
-5
Suppose 0 = 3*w + 7 + 5. Let z(m) be the third derivative of m**7/5040 + m**6/180 + m**5/60 - 10*m**2. Let v(t) be the third derivative of z(t). Give v(w).
0
Let p be 5/(-3) - (-2)/(-6). Let t(v) be the third derivative of v**6/60 + v**5/15 + v**4/12 - 15*v**2. What is t(p)?
-4
Let t(p) = -p**2 + 4*p. Let g be 1/(-3 + (-13)/(-4)). Determine t(g).
0
Suppose -2 + 3 = 5*f + o, o = f + 1. Let q(a) = 14 - 7 - a**3 - a**2 - a + 5. Calculate q(f).
12
Let v(d) = 3*d**2 + 2. Let l(w) = -3*w**2 - 3. Let i(x) = -7*x**2 - 2*x - 1. Let b be i(-1). Let s(n) = b*v(n) - 4*l(n). What is s(-1)?
-6
Let t(h) = h - 1. Let g(r) = -5*r + 3. Let j(b) = -g(b) - 2*t(b). Suppose -p = 4*z - 5*z, 3*z + 3*p - 18 = 0. Let a be 3 + -2*z/6. Calculate j(a).
5
Let o(l) = l + 3. Let f be o(6). Let g(z) = z**2 - 9*z + 3. What is g(f)?
3
Let q(k) = 5*k - 3. Let m(d) = -d + 1. Let x(t) = -4*m(t) - q(t). Let w = 18 + -24. What is x(w)?
5
Suppose 2*u - 12 = -u. Let i(k) be the first derivative of 0*k - 1/2*k**2 + 3. What is i(u)?
-4
Let s = -1 - -4. Let l(m) be the second derivative of m**7/2520 - m**6/240 + m**5/40 - m**4/12 + 2*m. Let a(p) be the third derivative of l(p). Determine a(s).
3
Let k(x) = -x**3. Let d(l) = -6*l**3 + l**2 - 1. Let f(j) = -d(j) + 5*k(j). Determine f(0).
1
Let x(l) = -l**2 + 3*l - 2. Suppose 4*c = c + 12. Let n be x(c). Let k(t) = t. Calculate k(n).
-6
Let o(i) be the third derivative of i**5/10 + i**4/24 + i**3/6 - 2*i**2. Let y(g) = -g**2 + g - 1. Let f(k) = -o(k) - 5*y(k). What is f(-7)?
-3
Suppose 6*w + 1 = 5*w. Let y(k) be the first derivative of 10*k**3/3 + k**2/2 + k - 1. Determine y(w).
10
Let z = 2 - 0. Suppose -z*o + 8 = 2*o. Let m(c) = 5*c - 3*c - 2 - 5*c. What is m(o)?
-8
Let w(j) be the first derivative of j**4/4 + 2*j**3/3 - j - 6. Give w(1).
2
Let y(m) = -5*m**3 + 6*m**2 - 9*m + 3. Let g(b) = b**3 - b**2 + b - 1. Let x(j) = -6*g(j) - y(j). Give x(-2).
5
Let j(l) be the second derivative of l**3/6 - 4*l**2 - 2*l. Calculate j(6).
-2
Let y(k) be the second derivative of 0 - 5/6*k**3 - 2*k - k**2 - 1/12*k**4. Calculate y(-3).
4
Let d(y) = -3*y**3 - 13*y**2 + 7*y - 2. Let b = -25 + 17. Let o(x) = 5*x**3 + 20*x**2 - 11*x + 3. Let q(i) = b*d(i) - 5*o(i). Calculate q(4).
-3
Let f(o) = -o**3 - 3*o**2 + 3*o + 2. Let y(m) = -2*m**3 - 7*m**2 + 7*m + 4. Let n(i) = -7*f(i) + 3*y(i). Calculate n(-2).
-10
Let d(v) = 1 - 4 + 2 + v. Let p = -6 - -15. Let q = p - 12. Give d(q).
-4
Let f(g) = -11*g + 4. Let m(b) = -5*b + 2. Let c(j) = 4*f(j) - 9*m(j). What is c(4)?
2
Let h(a) be the third derivative of -a**5/60 - a**4/24 + a**3/3 + 32*a**2. Calculate h(0).
2
Suppose 0 = -11*u + 16*u + 30. Let s(p) = 0*p + 0*p**2 + 8*p + 5 + p**2. Calculate s(u).
-7
Suppose 5*g = -5*s + 10, 2*g - 25 = 3*s - 6. Let u(j) = 2*j**2 + 9*j - 7. Let c(n) = n**2 + 5*n - 4. Let l(f) = -7*c(f) + 4*u(f). Give l(s).
6
Let r(i) be the first derivative of 3*i**2 + 1/4*i**4 - 7/3*i**3 + 6*i + 2. What is r(6)?
6
Suppose 4 = 2*c - 0. Let v(m) = -7 - 5*m - m - m**c - m. Let r = -7 - -1. Give v(r).
-1
Let h(y) = -2*y - 1. Let r be 0 + (-1)/1 + 5. Let b = -16 - -32. Suppose -4*v - b = -r. Give h(v).
5
Let m(p) = -49*p + 2*p**3 + 4*p**2 - 7 + 4*p**3 - 5*p**3 + 44*p. Calculate m(-5).
-7
Let m(c) be the second derivative of -1/3*c**3 - 1/2*c**2 + 0 + 1/60*c**5 + 2*c + 1/24*c**4. Let t(l) be the first derivative of m(l). Determine t(-3).
4
Let t(c) = -c**3 - 4*c**2 + 2. Let b be t(-4). Suppose -3*v - b*v + 10 = 0. Let i(q) = -7*q + v*q - 4 + 2*q + 5. Calculate i(1).
-2
Let c be (2/4)/(1/4). Let r(a) be the first derivative of -1 - 2 + 2 - 2*a**c. Give r(-2).
8
Let q = 14 + -12. Let c(w) be the first derivative of -1/2*w**q + 3 + 3*w. Calculate c(3).
0
Let m(g) = g - 12. Let n be m(9). Let k = -3 - n. Let f(u) = -3*u**2 + u**3 - 4 + 0*u + k*u. Give f(3).
-4
Let q(h) = h - 3. Let r(y) = y - 2. Let n(o) = -4*q(o) + 5*r(o). What is n(-3)?
-1
Let c(u) = -5*u - u**3 + u + u**2 + 4*u. Suppose -4*n + 2 + 2 = 0. Determine c(n).
0
Suppose -3*q = -22 + 4. Let f(u) be the third derivative of u**6/120 - u**5/10 - 7*u**3/6 + 33*u**2. Calculate f(q).
-7
Let h(u) be the second derivative of -u**5/20 - 5*u**4/12 + 7*u**3/6 + 4*u**2 - 19*u. What is h(-6)?
2
Let m(y) = y - 4*y**2 - 294*y**3 + 9*y**2 + 4 + 293*y**3. Calculate m(5).
9
Let h(i) = i**2 - 4*i. Suppose n + 3 - 4 = 0. Let m be (n - 2)/(2/(-6)). Suppose -2*t = 2*d - 10, 5*d - 2*t - 22 = m. Give h(d).
5
Let b(m) be the second derivative of -m**2 - 4*m + 0 + 1/6*m**3. What is b(6)?
4
Let z(x) = -x**3 + 5 - 1 - x + 4*x**2 - 5 - x. Suppose -5*n - 2*q = -4, 6*n + 5*q = 4*n - 11. Give z(n).
3
Let h = -4 + 8. Let x(t) be the second derivative of t**5/20 - t**4/4 - t**3/2 + 2*t**2 + 14*t. What is x(h)?
8
Let d(m) be the first derivative of m**4/4 + 4*m**3/3 - 2*m**2 + 7*m + 2. Let x = -6 + 18. Let l = x - 17. Give d(l).
2
Let p = 5 - 3. Let z be p*(-2)/4 + -2. Let n(a) = -3*a - 3. What is n(z)?
6
Let f(w) = -w**2 + 3*w + 20. Let v be f(6). Let h(j) = -2*j**2 + 3*j - 1. What is h(v)?
-3
Let u(b) be the second derivative of -b**4/12 - b**3 - 5*b**2/2 + b. Suppose y - 3 = 2. Suppose 3*c - 2*z = -20, 8*c - 4*c - 4 = -y*z. Calculate u(c).
3
Let x be 80/(-38) - (-12)/114. Let r(d) = -d**2 - 2*d - 2. Give r(x).
-2
Let k(s) = -5*s + 3. Suppose -1 - 11 = -6*c. What is k(c)?
-7
Suppose 0 = 3*g + 3*y + 3 - 9, 5*g - 3*y = 10. Let n(t) = t**g + 5 + 1 + 6*t + 0*t**2. Let c be n(-4). Let z(v) = -v**2 - v - 2. Determine z(c).
-4
Let r(d) be the first derivative of 5*d**3/3 + d - 3. Let w(x) = 2*x + 1. Let l be w(-1). Give r(l).
6
Let i(s) be the first derivative of s**4/4 - 5*s**3/3 + 5*s**2/2 - 5*s - 1. Suppose -2*q - 5*v + 13 = 0, 5*v - 22 = -4*q - 1. Calculate i(q).
-1
Let o be (-1 - -1)*2/(-4). Let n(r) = r**2 + 0*r**2 + o*r - 2*r - 4*r + 7. Determine n(5).
2
Let o = 0 + 2. Let p(j) be the third derivative of 0 + 0*j + 2*j**2 - 1/60*j**5 + 1/24*j**4 - 1/6*j**3. Calculate p(o).
-3
Let d(n) = -2*n**3 + 3*n**2. Let w = -9 + 16. Suppose -5*o + 4*o - w = 0. Let p(b) = -b**3 - 6*b**2 + 6*b - 5. Let a be p(o). Give d(a).
-4
Let q be 1/2*2/(-5 + 4). Let l(s) = 4*s + 2. Let h(b) = b + 1. Let w(m) = h(m) - l(m). Give w(q).
2
Let a(j) be the second derivative of j**4/12 - j**3 + j**2 - j. Let w(l) = l + 8. Let x be w(-4). Calculate a(x).
-6
Let t(g) be the first derivative of 2*g**2 - g + 25. Let a(f) = -f**3 + 2*f - 1. Let n be a(1). Suppose n*h - 2 = -h. Give t(h).
7
Let q = -14 - -23. Let d(p) = -p + 2. Determine d(q).
-7
Let w(q) = -4*q + 4. Suppose -n = 4*n + 45. Let a(i) = -i**2 - 8*i + 12. Let u be a(n). Give w(u).
-8
Let g(n) = -n + 1. Let k(h) = -h**2 + 10*h - 25. Let p be k(8). Determine g(p).
10
Suppose -3*s - q = -7, -5*s - q - 4*q = -5. Let c(w) = -3*w - w - 2*w**3 - w**2 + s + 5*w**2 - 1. Give c(2).
-6
Let z(v) = -6 + 2*v + 7 - 1 - 2*v**2. Calculate z(-2).
-12
Let j = 3 - 6. Let a(b) = 3 - 3*b**2 + b**2 - 1 - b**3 - 2*b**2 - b. Determine a(j).
-4
Let f(b) = -4*b - 7. Let w(d) = 5*d + 8. Let t(y) = -6*f(y) - 5*w(y). Let x(k) = -2*k + 3. Let z be x(3). Let v(p) = p**2 + p - 4. Let g be v(z). Give t(g).
0
Let u be (-5)/15 + (-32)/(-6). Suppose -5*x + 5*d = 0, 3*x - u*x = -d - 3. Let p(n) = -4*n**2 + 3*n**3 + n + 6*n**3 + 1 + x*n**2. Calculate p(-1).
-10
Let o(r) = 11*r**3 - 5*r**2 - 7*r - 4. Let g(j) = -j**3 + j**2 + j + 1. Let f(n) = 5*g(n) + o(n). Determine f(1).
5
Let u = 5 - 15. Let z = 7 + u. Let j(o) be the third derivative of -o**6/120 - o**5/20 + o**4/12 + o**3/3 + o**2. What is j(z)?
-4
Let q(i) = 6*i. Let j = -11 + 12. Calculate q(j).
6
Let a(i) = -3*i**2 - 7*i + 2. Let o(l) = -l**2 - 4*l + 1. Let t(g) = -2*a(g) + 5*o(g). Suppose -114 = -4*x - 15*x. Give t(x).
1
Let r(f) = f**3 - 3*f**2 - 2*f + 1. Let b = -48 + 52. Give r(b).
9
Let q(d) = -d**3 + d**2 + 1. Let m be q(2). Let t be m/(0 + 3)*-2. Suppose s - t = -s. Let r(o) = -2*o - 1. Calculate r(s).
-3
Let h(o) = -6*o. Le